+ s*f = -0*o - 370, f = o - 376. What are the prime factors of o?
2, 3, 7
Let i(o) = -12*o**3 - 3*o + 20*o**3 + o**2 - 7*o**3. Let h be i(-3). List the prime factors of 6/4*(-492)/h.
2, 41
Suppose -47*r + 1061145 = -2*r - 348480. List the prime factors of r.
5, 7, 179
Suppose 65*b - 4*c - 49076 = 62*b, 3*b + c = 49096. List the prime factors of b.
2, 4091
Suppose -4*j = -2*n + 78318, 195735 = 14*n - 9*n + 2*j. What are the prime factors of n?
11, 3559
Let k be 1/(-2)*522/(-9). Let h = -24 + k. Suppose -6*i + h*p + 421 = -3*i, 0 = 5*p - 5. List the prime factors of i.
2, 71
Let p(u) = 147*u**2 - 42*u - 42. Let k be p(-1). Suppose -2*s - 38 + 562 = 0. Let n = s - k. What are the prime factors of n?
5, 23
Suppose -191*u + 187*u = -5*m - 38468, 4*u + 3*m = 38436. What are the prime factors of u?
2, 3, 89
Let j(g) = -g**3 - 40*g**2 + 27*g - 74. Let b be j(-41). Suppose 15 = 4*v - 7*v, -5*i + 4*v + b = 0. List the prime factors of i.
2, 3
Suppose 936 = -84*p + 78*p. Let n = -56 - p. What are the prime factors of n?
2, 5
Let u be 0/(2/5 + 48/(-20)). Suppose 2*x + 2*g - 732 = u, 2*g = -x + 573 - 209. What are the prime factors of x?
2, 23
Let f be (-1 - (-66)/30) + (-1)/5. Let n be 10/4 - ((-2)/4)/f. Suppose n*s = 34 + 239. What are the prime factors of s?
7, 13
Suppose 0 = 3*x + 55 - 85. List the prime factors of (12/33)/(x/55) - -334.
2, 3, 7
Let d = 13871 - -6368. List the prime factors of d.
37, 547
Suppose 5912*k - 5662998 = 5846*k. List the prime factors of k.
3, 37, 773
Let r = 10486 + -5627. Suppose -5*j + 5274 = -4*q - r, 4*q = -2*j + 4042. List the prime factors of j.
3, 5
Let w = -670 - -687. Suppose -13*i + w*i = 3448. What are the prime factors of i?
2, 431
Let a be 526/(-4)*4*(-4 - -3). Suppose b = -2*i - 2*b + a, b = -4. Let c = -137 + i. What are the prime factors of c?
2, 3, 11
Suppose 0 = -16*n + 17*n - 49. Let s = 19 + n. Let y = s - -26. List the prime factors of y.
2, 47
Let n = 26650 - -18349. List the prime factors of n.
17, 2647
Let j(f) = f**2 - 2*f - 21. Let k be j(7). Suppose 6*g + 3696 = k*g. List the prime factors of g.
2, 3, 7, 11
Suppose 5*r - 104995 = -5*m, -4*m + 41998 = -128*r + 130*r. List the prime factors of r.
11, 23, 83
Let d = -4017 + 5755. Let r = -1008 + d. List the prime factors of r.
2, 5, 73
Let b(q) = 476*q**2 + 5*q + 17. List the prime factors of b(2).
1931
Let g be (7/(-3))/(-6 - 204/(-36)). Suppose g*n - 2*n - 1405 = 0. What are the prime factors of n?
281
Let p(x) = -20*x + 94. Suppose 125 = -2*d + 5*q, -5*q + 55 = -4*d - 180. List the prime factors of p(d).
2, 3, 199
Let g = 36163 - 23129. What are the prime factors of g?
2, 7, 19
Suppose -r - r + 771 = 3*g, 3*r = 5*g - 1304. Suppose -2*d = c - g, c + c = 2*d + 506. List the prime factors of c.
3, 5, 17
Let d(i) = -6*i**3 - 7*i**2 - 46*i - 13. Let w be 4*4/(-16) - 5. List the prime factors of d(w).
1307
Let u = -663 - -651. List the prime factors of ((-12232)/u)/(14/21).
11, 139
Let d(g) = 3*g + 5*g**2 - 6*g**3 - 10 + 15 + 6*g. What are the prime factors of d(-3)?
5, 37
Suppose 4*m = 13*m - 522. Suppose v = -3, 0 = -2*d - v - m - 255. Let s = d - -333. What are the prime factors of s?
2, 89
Suppose -3*b - 8*q + 11*q + 21090 = 0, 2*q + 21089 = 3*b. List the prime factors of b.
3, 11, 71
Let w(y) = 934*y + 3497. List the prime factors of w(14).
16573
List the prime factors of (5973/231 + -26)/(2/(-192122)).
13723
Suppose 0 = -5*j + 4 + 11. Suppose 21*m - 20784 = -j*m. What are the prime factors of m?
2, 433
Suppose -m - 8 = -5*m. Suppose 4*v - m*c = 862, -301 = -3*v - c + 338. List the prime factors of v.
2, 107
Suppose -336*y + 340*y + 5*h - 172052 = 0, 0 = 5*h + 20. What are the prime factors of y?
2, 137, 157
Suppose 496 = 5*a + 2*i, a - 59 - 30 = 3*i. Let f = 94 + a. Suppose -5*m + f = -103. What are the prime factors of m?
59
Let r = -2755 - -977. Let d = 2830 + r. List the prime factors of d.
2, 263
Suppose 84 = 4*h - 4*k, -3*k + 0*k - 87 = -4*h. Suppose 20*n - h*n = -1208. List the prime factors of n.
2, 151
Suppose 12*a = 14*a. Suppose a = -3*j - 4*k + 889, 3*j = 3*k - 8*k + 893. Suppose 2*i = -i + j. What are the prime factors of i?
97
Suppose 59*k - 57*k - 67190 = 4*l, 134344 = 4*k + l. What are the prime factors of k?
33587
Suppose 4*q = 4*w + 159956, -3*q + 10*w - 11*w = -119943. What are the prime factors of q?
39983
Suppose -5*y + 4*s = -y + 16, -20 = -5*s. Suppose 4*v - 11*t = -9*t + 4724, 4*v - t - 4724 = y. List the prime factors of v.
1181
Suppose 2*j - 8*q - 1297 = -3*q, 2*j - q = 1309. Suppose -z + 646 = 3*a, 2*z - 5*a - j = 581. List the prime factors of z.
631
What are the prime factors of 2/(-3)*-3*152442/108?
3, 941
Let h(f) be the second derivative of -31*f**3/6 + 51*f**2/2 - 22*f. List the prime factors of h(-11).
2, 7
Suppose -2*f - 4*s + 55370 = 0, 0*f = 4*f + 4*s - 110724. What are the prime factors of f?
13, 2129
Suppose 3*g - 2*g + 264 = 0. Let s be (-44)/(114/g - 2/(-8)). What are the prime factors of 2 - (s/(-2) + 0) - 0?
3, 41
Let p(q) = 325*q**2 - 107*q - 898. List the prime factors of p(-8).
2, 97, 107
Let v(n) = 10*n**2 - 1024*n + 115. List the prime factors of v(-44).
47, 1373
Suppose 4*w + 32 = 4. Let d = w - -9. Suppose 2*g + 67 = 5*q, d*q = -4*g + 2*g + 24. List the prime factors of q.
13
Suppose 4*j - 9*y = 80659, j + 3*y - 6*y - 20170 = 0. List the prime factors of j.
20149
Let j(m) = 27*m - 43. Let h = -55 - -63. List the prime factors of j(h).
173
Let y(m) = m + 6. Suppose 3*u = 2*k + 1, 2*u = k - 3*u - 17. Let g be y(k). What are the prime factors of g/(-3 - 5) - 582/(-8)?
73
Suppose -p - 9161 = 3*u, -6*u + u = -p - 9121. Let y = -15226 - p. What are the prime factors of 4/14 - (5 + y/35)?
13
Suppose -4*h + q = -2743, 0*q - 3*q + 3416 = 5*h. Suppose -h = -x - 5*j, -691 = 3*x - 4*x + j. List the prime factors of x.
2, 3, 5, 23
Suppose 0 = 116*a + 41*a + 82*a - 7988575. List the prime factors of a.
5, 7, 191
Suppose 5*p + 181330 = 5*k, -5*k + 623*p + 181298 = 626*p. List the prime factors of k.
2, 18131
Let b = 17421 - -8971. What are the prime factors of b?
2, 3299
Suppose 2*l + 3 - 39 = 0. Let o be 1515/18 + (-3)/l. Let h = o + -34. List the prime factors of h.
2, 5
Let d(b) = 113*b + 10521. What are the prime factors of d(62)?
17, 1031
Let t(o) = -o**2 - 31*o - 96. Let l be t(-12). Let n = l - -111. List the prime factors of n.
3
Let m(s) = -2*s - 21. Let n be m(-8). Let f be 0 + (6 - 2) - (n + 6). Suppose 2*u + 210 = 4*z, 5*z - f*z + 4*u - 120 = 0. What are the prime factors of z?
2, 3
Let l(v) = 5*v - 3. Let y be l(-24). Let x = 123 - y. List the prime factors of x.
2, 3, 41
Suppose -2*t = 3*a - 332, 3*t - 22*a - 509 = -21*a. Suppose t + 7696 = 13*u. List the prime factors of u.
5, 11
Let u(y) = 7*y**3 + 36*y**2 + 8*y - 27. Let h(l) = 4*l**3 + 18*l**2 + 4*l - 14. Let s(a) = -5*h(a) + 3*u(a). What are the prime factors of s(-10)?
7, 107
Let u(i) = -65*i + 149. Let l(p) = -p**2 - 15*p + 92. Let x be l(5). List the prime factors of u(x).
3, 223
Let h be 6/4*24048/27. Suppose -3*l - 5*p + h = 0, -2*l - 2*p = -p - 886. List the prime factors of l.
2, 13, 17
Suppose 13*p - 42056 - 43991 = 0. List the prime factors of p.
6619
Suppose 544078 = 87*b - 199490 - 296952. What are the prime factors of b?
2, 5, 13, 23
Suppose 4*v = 89 - 37. Suppose 2*y + 121 = v*y. Suppose 14*g - 582 = y*g. What are the prime factors of g?
2, 97
Let j(w) = -9 + 9 + 2 + 5 + 20*w**2. List the prime factors of j(-2).
3, 29
Suppose 4*n = -w + 19, 3*w - 5*n + 29 = 6*w. Let x be w/(-2) - (-104)/16. Suppose 44 = a + 4*p, 6*a - x*p - 200 = 3*a. List the prime factors of a.
2, 3, 5
List the prime factors of (284/(-22 + 23))/(4/179).
71, 179
Let w = -65876 - -105655. What are the prime factors of w?
39779
Let t(g) = -g**2 + 9*g + 1. Let v(i) = i**2 - i + 4. Let x be v(3). Let o be t(x). List the prime factors of 2/o + -1 + (-87)/(-27).
2
Suppose 4277 - 546 = 13*c. Suppose 57 = -10*l + c. What are the prime factors of l?
23
Suppose -i - 346 = -353. Suppose 0 = -5*j + i*j - 864. What are the prime factors of j?
2, 3
Suppose -2*q + 3*q = -4*l + 8404, -5*q + 4220 = 2*l. What are the prime factors of l?
2, 3, 5, 7
Let n(h) = 31*h**3 - 4*h**2 - 7*h + 6. What are the prime factors of n(5)?
2, 1873
Let j be (-16383)/301 - (-6)/14. What are the prim